. What is the tens digit of c(6)?
8
Let p(u) = 17*u**2 - 2*u + 1. Suppose 14 = 4*t + 10. What is the units digit of p(t)?
6
Let g = -49 + 277. Let c = g + -136. What is the tens digit of c?
9
Suppose 2*s - 3*s = 2*h - 5, -2*h - 6 = 0. Let j = s - 0. What is the tens digit of 4/(-2)*-1*j?
2
Suppose 0 = -5*c + 10*c - 40. Suppose -c*p = 311 - 2103. What is the hundreds digit of p?
2
Suppose 0 = 49*u - 17324 + 5907. What is the tens digit of u?
3
Suppose 5*u - 5720 = -5*u. What is the tens digit of u?
7
Let k = 12 - 6. Let h(z) = -2*z + 14. Let l be h(k). Suppose -l*x = -0*x - 128. What is the tens digit of x?
6
Let f = 1036 - 711. What is the units digit of f?
5
Let f(w) = 46*w**2 + 3*w + 10. What is the units digit of f(-2)?
8
Let j = -388 - -814. Suppose 7*l = 9*l + q + 4, l = 5*q + 20. Suppose -j = -5*n - 3*i - 131, l = -5*i - 25. What is the tens digit of n?
6
What is the units digit of -579*(4/(-15))/(12/30)?
6
Let c = 430 - 6. What is the units digit of c?
4
Let a(y) = -2*y**2 + y + 86. What is the tens digit of a(0)?
8
Let f be 3*(0 - 28/12). What is the tens digit of 22/77 + (-495)/f?
7
Let s be 1974/30 - 1/(-5). Suppose -s = -2*o + 5*u, 4*o - 80 = -u - 2*u. What is the units digit of o?
3
Suppose 0 = 4*j - 5*r + 14 - 118, 3*r = -4*j + 72. Suppose -204 - j = -3*y. What is the units digit of y?
5
Let f(w) = -11*w. Let q(h) = -40*h + 1. Let k be q(-1). Let v = 37 - k. What is the tens digit of f(v)?
4
Let t = 179 + 45. What is the tens digit of t?
2
Suppose -5 = -5*o + 5*p, -4*p - 6 + 18 = 0. Suppose 0 = 3*n + 2*r - 67, -2*n - o*r + 58 = -0*n. What is the tens digit of n?
1
Let j be 1/(-3) + (-146)/(-6). Let n = 40 - j. Let z = n - 11. What is the units digit of z?
5
Suppose -9*v - 4 = -7*v. Let t(q) = -2*q + 3. What is the units digit of t(v)?
7
Let v(i) = i**3 - 11*i**2 - 13*i - 2. Let p be v(12). Let x be ((-3)/1)/(2/(-26)). Let f = p + x. What is the units digit of f?
5
Suppose m + 2088 = j, 18*j - 4*m + 2088 = 19*j. What is the thousands digit of j?
2
Let u(c) = 2*c**2 + 20*c + 1. Let h be u(-17). Let y = -70 + h. What is the units digit of y?
9
Let f(k) = 23*k**3 - 5*k**2 - 6*k + 42. What is the units digit of f(4)?
0
Suppose 0 = -5*c + 3*i + 4180, 3*c - 4*i = -2*c + 4175. What is the hundreds digit of c?
8
Suppose 3*l + 13*t - 1601 = 8*t, l + 3*t = 527. What is the hundreds digit of l?
5
What is the thousands digit of 4641/2 + 92/(-184)?
2
Let f(i) = 5*i**2 - 21*i - 20. What is the hundreds digit of f(-21)?
6
Let h be (20/3)/((-7)/(-21)). Let n be h/70 - 24/(-14). Suppose n - 8 = -2*b. What is the units digit of b?
3
What is the hundreds digit of (-4)/(-10)*(-12040)/(-16)?
3
Let f(p) be the second derivative of 5*p**4/3 - p**3/6 + 3*p**2/2 + 17*p. What is the hundreds digit of f(-3)?
1
Suppose -150 - 4140 = -v - 4*n, 2*v + 5*n = 8574. What is the units digit of v?
2
Let n be (-1 - -1)*2/(-4). Suppose n*q - 4*k = -2*q + 138, 3*q - k = 192. What is the tens digit of q?
6
Let s be (-1)/6 + (-258)/(-36). Let a = 525 + -250. What is the tens digit of 8/(-28) + a/s?
3
Let b = -1056 - -656. What is the tens digit of b/(-24) - 3/(-9)?
1
Let c be (-165 + -1)*12/(-24). Let r = -40 + c. What is the units digit of r?
3
Suppose 3 = -a - i, 4*i + 14 + 1 = -5*a. Let v = 15 - a. What is the tens digit of (30/(-9))/((-2)/v)?
3
Let i(j) = -j + 18. Let v be 20/((14/(-8))/(-7)). Let r be v/50*(1 + -6). What is the tens digit of i(r)?
2
Suppose -3*u = 3*q - 2*q - 790, -4*u + q = -1065. Let r = -27 + u. What is the hundreds digit of r?
2
What is the thousands digit of ((-6)/1 - 2) + 3505?
3
Let a = -28 + 600. What is the hundreds digit of a?
5
Let w(z) = 7*z + 4*z**2 - 5*z - 5*z**2 - 4. Let t be w(6). Let c = t - -70. What is the tens digit of c?
4
Let t be 36*(25/2 - -3). Suppose 2*g + t = 5*i, -i = 2*i - 4*g - 346. What is the hundreds digit of i?
1
What is the hundreds digit of 48/120 + 2898/5?
5
Suppose a - 6 = 2. Let n(y) = 4*y**3 + 9*y**2 - 6*y - 2. Let w(f) = 5*f**3 + 9*f**2 - 6*f - 3. Let x(b) = 6*n(b) - 5*w(b). What is the tens digit of x(a)?
1
Let p = -32 - -28. What is the units digit of 5678/119 - p/14?
8
Let j = -834 - -1508. What is the units digit of j?
4
Let n = 664 - 167. Suppose 0 = 5*t - 5, 5*l + t - n = -t. What is the units digit of l?
9
Suppose u + u + 2577 = 5*i, 2*i - 3*u - 1033 = 0. What is the units digit of i/4 + 26/104?
9
Suppose 345*x - 347*x = -3344. What is the hundreds digit of x?
6
Suppose -4*r = -0*r + 204. Let d = -90 - r. Let m = d + 69. What is the tens digit of m?
3
Let w be (-2 + (-1 - -15))/2. Let f be 116/2 + (5 - w). Let u = -40 + f. What is the tens digit of u?
1
Let v(j) = -2*j**3 + j - 3. Let o be v(-3). Suppose 204 = 4*t - o. Suppose -3*a + 0*a + t = 0. What is the tens digit of a?
2
Let a be 200/5*1/(-2). Let x = -16 - a. Suppose 4*v + 3*o = -7, 4*v = x*o - o + 23. What is the units digit of v?
2
Suppose 3*m = -1 - 14, -v + 8 = -m. What is the hundreds digit of (v/(-2))/(2/(-188))?
1
Let n = -270 - -866. What is the hundreds digit of n?
5
Let t(q) = 10*q + 48. Let k be t(-14). Let a = k - -220. What is the units digit of a?
8
Suppose -7*k + 2327 + 809 = 0. What is the tens digit of k?
4
Suppose 5*u = -f + 22, 2*f - u = -f + 2. Suppose -25 = -5*o + 5*m, -2 = -f*o - 5*m + 1. Suppose -y = o*c + 2*y - 18, -y - 2 = 0. What is the units digit of c?
6
Let q(i) = -i**3 + 11*i**2 - 2*i + 8. Let d be ((-21)/(-2))/((-3)/(-2)). What is the tens digit of q(d)?
9
Let c(i) = -11*i + 107. What is the units digit of c(-4)?
1
Suppose -5*x - 34 = 551. Let m = x - -165. What is the tens digit of m?
4
Let o(v) = v**3 - 16*v**2 + 14*v + 22. Let c be o(15). What is the units digit of ((-22)/(-14))/(c/49)?
1
Suppose o - 82 = -v - 0*v, 3 = 3*o. What is the units digit of v?
1
Suppose -3*k = 2*w - 23, -5*w + w - 3*k + 37 = 0. What is the tens digit of (-2 - 0) + 290 + w + 0?
9
Let q be 5775/150 + (2/(-4) - 1). Let p = 126 - q. What is the units digit of p?
9
Let c(b) = b - 3. Let u be c(5). Let o be 1195/20 - (-5 - -3)/8. Suppose 5*f - o = -u*q - 20, 4*f + 5*q = 15. What is the units digit of f?
0
Suppose 0*f - 3*r + 39 = 4*f, 30 = 3*f + 3*r. Suppose -f*v = -299 - 295. What is the units digit of v?
6
Suppose 5*g - 5 = 5. Let n be 8/(-6)*(g - -1). What is the units digit of n/(-2 - 28/(-16))?
6
Suppose -3*m + 690 = 5*o + 202, o + 347 = 2*m. What is the tens digit of m?
7
Let r(y) = y + 6. Let x = 26 + -29. Let s be r(x). Suppose 11*a = s*a + 264. What is the units digit of a?
3
Suppose -t + 2*s = s - 2203, 0 = -t + 2*s + 2202. What is the thousands digit of t?
2
Suppose 0 = d - 2*f - 11, 5*f + 10 = -15. Let i = d - 3. What is the units digit of 3 + (20 - -2) + i?
3
Suppose 3*s - 5*s = -1212. Let c = s + -381. Suppose 0 = -5*m - 5*g + c, m - 4 = g + 33. What is the tens digit of m?
4
Suppose -6*g - 16 = -10*g. Let j be g/(1 + -21)*-5. Suppose 4*v = 149 - j. What is the units digit of v?
7
Suppose -2*r + 0*d = -2*d + 14, -2*r = d - 1. Let i be (1/3)/(r/(-42)). Suppose -6*c = -i*c + 33. What is the units digit of c?
3
Suppose -7 = -3*a - 19, 2*a = -2*n - 4. Suppose -15 = -5*c + 2*i, 0 = n*i - 1 - 9. Let x = -4 + c. What is the units digit of x?
1
Let q = -22 + 14. Let n = q + 12. Suppose 0 = d - n*k - 30, 4*k + 42 = 3*d - 48. What is the units digit of d?
0
Let m be 3 - 3 - 8/(-2). Suppose -12*l + 240 = -m*l. What is the units digit of l?
0
What is the tens digit of (-180)/(-12)*174/9?
9
Suppose -4*l - 56 = 2*d, 71 = -5*l - 3*d + 3. Let g(a) be the first derivative of -3*a**2 - 36*a + 47. What is the tens digit of g(l)?
6
Suppose -54 = 2*f - 328. What is the hundreds digit of f?
1
Let h(z) = 30*z**3 + 3*z**2 - 11*z - 8. What is the tens digit of h(3)?
9
Let h = 1130 + -315. What is the hundreds digit of h?
8
Let m(i) = -i**2 + 40*i - 37. What is the tens digit of m(25)?
3
Suppose 2*r + 444 = 3*a - 138, -4*a + 4*r = -776. Suppose -4*k = k + 4*p - 890, -a = -k - 4*p. Suppose 22 + k = 4*w. What is the tens digit of w?
4
Suppose 0 = 5*z + 2*p - 9552, 0 = -5*z + 4*p - 8*p + 9544. What is the tens digit of z?
1
Let q be 3/(-2)*2 - 3. Let a be q + 43 + 2/2. Let y = a + 1. What is the tens digit of y?
3
Let r(u) = 1. Let h(y) = 8*y + 4. Let j(v) = -h(v) + 4*r(v). Let o be (6/(-4))/((-1)/(-2)). What is the units digit of j(o)?
4
Let b be 1010